 units digit of 41956?
6
What is the tens digit of 87643?
4
What is the tens digit of 3019?
1
What is the tens digit of 399?
9
What is the tens digit of 469?
6
What is the hundreds digit of 124?
1
What is the units digit of 6531?
1
What is the thousands digit of 2473?
2
What is the thousands digit of 66868?
6
What is the hundreds digit of 956?
9
What is the units digit of 1538?
8
What is the hundreds digit of 4271?
2
What is the units digit of 434?
4
What is the units digit of 536?
6
What is the tens digit of 1755?
5
What is the ten thousands digit of 67259?
6
What is the thousands digit of 2447?
2
What is the tens digit of 18784?
8
What is the hundreds digit of 11001?
0
What is the units digit of 3693?
3
What is the hundreds digit of 4742?
7
What is the tens digit of 10077?
7
What is the hundreds digit of 546?
5
What is the thousands digit of 5809?
5
What is the ten thousands digit of 12986?
1
What is the thousands digit of 135983?
5
What is the tens digit of 24180?
8
What is the hundreds digit of 60179?
1
What is the thousands digit of 16828?
6
What is the hundreds digit of 1508?
5
What is the hundreds digit of 38098?
0
What is the tens digit of 932?
3
What is the units digit of 25654?
4
What is the hundreds digit of 354?
3
What is the thousands digit of 2403?
2
What is the tens digit of 944?
4
What is the thousands digit of 2603?
2
What is the thousands digit of 3940?
3
What is the units digit of 100?
0
What is the units digit of 61?
1
What is the tens digit of 1277?
7
What is the hundreds digit of 880?
8
What is the tens digit of 91747?
4
What is the hundreds digit of 964?
9
What is the tens digit of 12?
1
What is the thousands digit of 82443?
2
What is the units digit of 987?
7
What is the thousands digit of 1394?
1
What is the thousands digit of 3003?
3
What is the thousands digit of 1107?
1
What is the thousands digit of 3807?
3
What is the hundreds digit of 10664?
6
What is the ten thousands digit of 10367?
1
What is the thousands digit of 6777?
6
What is the units digit of 6643?
3
What is the thousands digit of 1495?
1
What is the ten thousands digit of 42763?
4
What is the hundreds digit of 40856?
8
What is the tens digit of 402?
0
What is the tens digit of 5872?
7
What is the tens digit of 308?
0
What is the hundreds digit of 339?
3
What is the ten thousands digit of 91592?
9
What is the thousands digit of 1339?
1
What is the hundreds digit of 40259?
2
What is the hundreds digit of 248?
2
What is the tens digit of 7329?
2
What is the tens digit of 10263?
6
What is the tens digit of 118312?
1
What is the units digit of 1366?
6
What is the units digit of 397?
7
What is the ten thousands digit of 19913?
1
What is the tens digit of 33427?
2
What is the thousands digit of 18297?
8
What is the thousands digit of 7221?
7
What is the units digit of 73649?
9
What is the units digit of 8141?
1
What is the units digit of 22381?
1
What is the units digit of 28504?
4
What is the tens digit of 33027?
2
What is the thousands digit of 1238?
1
What is the ten thousands digit of 61510?
6
What is the hundreds digit of 2160?
1
What is the ten thousands digit of 13789?
1
What is the tens digit of 32489?
8
What is the hundreds digit of 4766?
7
What is the ten thousands digit of 17331?
1
What is the hundreds digit of 362?
3
What is the thousands digit of 51130?
1
What is the units digit of 537?
7
What is the thousands digit of 5840?
5
What is the thousands digit of 1686?
1
What is the units digit of 921?
1
What is the hundreds digit of 7766?
7
What is the ten thousands digit of 17860?
1
What is the ten thousands digit of 23850?
2
What is the units digit of 1325?
5
What is the thousands digit of 1065?
1
What is the hundreds digit of 1054?
0
What is the thousands digit of 11797?
1
What is the hundreds digit of 43435?
4
What is the tens digit of 453?
5
What is the units digit of 675?
5
What is the units digit of 423?
3
What is the units digit of 24793?
3
What is the units digit of 199?
9
What is the thousands digit of 7233?
7
What is the thousands digit of 142951?
2
What is the ten thousands digit of 12642?
1
What is the units digit of 11809?
9
What is the hundreds digit of 22339?
3
What is the tens digit of 21370?
7
What is the thousands digit of 1411?
1
What is the hundreds digit of 6113?
1
What is the tens digit of 983?
8
What is the thousands digit of 2419?
2
What is the units digit of 844?
4
What is the hundred thousands digit of 128164?
1
What is the tens digit of 8825?
2
What is the tens digit of 1368?
6
What is the thousands digit of 1474?
1
What is the ten thousands digit of 32866?
3
What is the hundreds digit of 695?
6
What is the hundreds digit of 20441?
4
What is the units digit of 451?
1
What is the hundreds digit of 990?
9
What is the units digit of 75556?
6
What is the thousands digit of 44306?
4
What is the units digit of 1212?
2
What is the units digit of 622?
2
What is the hundreds digit of 5325?
3
What is the tens digit of 7558?
5
What is the hundreds digit of 905?
9
What is the hundreds digit of 153554?
5
What is the units digit of 35834?
4
What is the units digit of 1849?
9
What is the hundreds digit of 23441?
4
What is the hundred thousands digit of 121135?
1
What is the hundreds digit of 619?
6
What is the tens digit of 103958?
5
What is the tens digit of 880?
8
What is the hundreds digit of 798?
7
What is the thousands digit of 15188?
5
What is the ten thousands digit of 89532?
8
What is the units digit of 4181?
1
What is the tens digit of 1491?
9
What is the hundreds digit of 3124?
1
What is the units digit of 1052?
2
What is the units digit of 1093?
3
What is the hundreds digit of 913?
9
What is the ten thousands digit of 16358?
1
What is the tens digit of 987?
8
What is the tens digit of 5664?
6
What is the thousands digit of 4550?
4
What is the tens digit of 17850?
5
What is the units digit of 65142?
2
What is the tens digit of 10039?
3
What is the thousands digit of 6987?
6
What is the hundreds digit of 3856?
8
What is the tens digit of 461?
6
What is the tens digit of 791?
9
What is the units digit of 29021?
1
What is the tens digit of 7190?
9
What is the thousands digit of 3020?
3
What is the thousands digit of 12104?
2
What is the units digit of 253?
3
What is the tens digit of 457?
5
What is the tens digit of 11555?
5
What is the thousands digit of 3029?
3
What is the tens digit of 213?
1
What is the tens digit of 4102?
0
What is the tens digit of 23031?
3
What is the units digit of 1989?
9
What is the hundreds digit of 417?
4
What is the units digit of 42867?
7
What is the ten thousands digit of 14444?
1
What is the units digit of 148?
8
What is the tens digit of 31837?
3
What is the thousands digit of 1458?
1
What is the tens digit of 2521?
2
What is the tens digit of 460?
6
What is the hundreds digit of 1069?
0
What is the units digit of 1820?
0
What is the units digit of 1228?
8
What is the thousands digit of 22685?
2
What is the units digit of 19599?
9
What is the thousands digit of 1253?
1
What is the hundreds digit of 3653?
6
What is the units digit of 2725?
5
What is the tens digit of 2139?
3
What is the tens digit of 2645?
4
What is the tens digit of 994?
9
What is the hundreds digit of 685?
6
What is the thousands digit of 40951?
0
What is the hundreds digit of 73559?
5
What is the tens digit of 109535?
3
What is the hundred thousands digit of 202747?
2
What is the hundreds digit of 2271?
2
What is the hundreds digit of 1353?
3
What is the thousands digit of 1599?
1
What is the hundreds digit of 3189?
1
What is the tens digit of 6875?
7
What is the thousands digit of 8031?
8
What is the hundreds digit of 10377?
3
What is the thousands digit of 4848?
4
What is the hundreds digit of 2576?
5
What is the thousands digit of 3581?
3
What is the tens digit of 54315?
1
What is the hundreds digit of 16834?
8
What is the tens digit of 8127?
2
What is the thousands digit of 5342?
5
What is the thousands digit of 4783?
4
What is the units digit of 2712?
2
What is the hundreds digit of 918?
9
What is the tens digit of 22860?
6
What is the hundreds digit of 3025?
0
What is the thousands digit of 22889?
2
What is the hundreds digit of 2118?
1
What is the units digit of 577?
7
What is the tens digit of 44765?
6
What is the hun